et b be v(1). Suppose 5*a + 45 = 2*t, 5*t - 3*a - 2*a = 75. Calculate the highest common factor of b and t.
5
Let s be 26/6*(0 + 18/(-6)). Let l be (8/(-6))/(s/858). Let o = -6 + 14. Calculate the greatest common factor of o and l.
8
Suppose -217 = 12*h - 2593. Calculate the greatest common factor of h and 44.
22
Let z = -4 - -16. Suppose z*q - 13*q = -275. What is the greatest common factor of q and 11?
11
Let q(z) = z**3 - 10*z**2 - 3*z + 19. Let v be q(10). Let o be (0 - 1) + v/(55/(-80)). Calculate the greatest common divisor of o and 10.
5
Suppose -5*j + 5*l + 252 = 62, -l = -2*j + 77. Calculate the greatest common factor of j and 33.
3
Let z(q) = -q**3 - 19*q**2 - 50*q + 16. Let p be z(-16). Calculate the highest common factor of p and 272.
16
Suppose -4*g = -820 - 632. Suppose 5*y = -7 - g. Let m = 170 + y. Calculate the highest common divisor of m and 12.
12
Suppose -13*p - p = -476. Calculate the highest common factor of p and 187.
17
Suppose -v + 31 = 2*h, 22*h + 3*v = 27*h - 61. What is the highest common divisor of h and 2744?
14
Let o(s) = -s**2 + 12*s - 6. Suppose 36 = 2*d + 14. Let c be o(d). Suppose z + 768 = c*z. What is the highest common factor of z and 24?
24
Let l be (-170)/(-8) + 6/(-24). Let w = 39 - 32. What is the greatest common divisor of l and w?
7
Let f(c) = 3*c - 9. Let l be f(6). Suppose 0*b = 2*d + b + 123, -5*d - b - 309 = 0. Let p = 71 + d. Calculate the greatest common factor of p and l.
9
Let r(w) = -w**3 - 17*w**2 - 17*w - 10. Let d(g) = -5*g + 24. Let q be d(8). Let x be r(q). Calculate the greatest common factor of x and 36.
6
Suppose 4*n + 2*i = 88, 5*n + 5*i = 62 + 58. Calculate the greatest common divisor of 1960 and n.
20
Let u(g) = -g**3 - 2*g**2 + 50*g - 105*g + 1 + 55*g. Let i be (-4)/(-2) + -4 + -1. Let z be u(i). What is the highest common factor of 40 and z?
10
Let q = -28 + 72. Let i = -87 - -91. Calculate the highest common factor of i and q.
4
Let q be ((-5)/(-3))/(5/6). Let d be (((-4)/3)/q)/((-44)/726). Calculate the greatest common divisor of 176 and d.
11
Let k be 13/(-26)*(-96)/(-1 + 2). Suppose -3*o - m = -k, -4 = o - 4*m - 33. Suppose 0*f = -4*f + 68. Calculate the greatest common factor of o and f.
17
Let l(v) = v**3 + 20*v**2 + 21*v + 42. Let u be l(-19). Calculate the greatest common factor of 32 and u.
4
Suppose 5*u - 4*a - 818 = 0, 5*u - 172 = 4*u + 5*a. Calculate the highest common factor of 891 and u.
81
Suppose 3*v + 23 - 68 = 0. Let k = v + 2. Let j = -205 - -341. Calculate the highest common divisor of j and k.
17
Let y = 6 - -17. Suppose -s + 49 = -y. What is the highest common factor of 9 and s?
9
Let l = -35 + 35. Suppose l = -0*b - 3*b + 3. What is the highest common factor of b and 2?
1
Let r(z) = 5 - 1 - 1 - 8*z - 2. Suppose 0 = -t - 2*q - 3, 2*q = -5*t - 3 - 4. Let p be r(t). What is the highest common factor of 81 and p?
9
Suppose -20 = -5*b, 0 = -0*j - 3*j - 3*b + 15. Let s = 5 - j. Let q be 63/s + (-2)/(-8). Calculate the greatest common factor of q and 32.
16
Let x(d) = -d**3 + d**2 + d + 3. Let l be x(4). Let u = l - -49. Suppose 2 = -3*t + 5. Calculate the greatest common factor of u and t.
1
Let x = 448 + -371. Calculate the highest common factor of 33 and x.
11
Let n(a) = -7*a + 112. Let i be n(6). What is the highest common divisor of i and 10?
10
Let k(s) = 16*s**2 + s - 1. Let z be k(-1). Suppose 2*a = -5*h - 94, -3*a - 7 = -1. Let w = 46 + h. What is the greatest common divisor of w and z?
14
Suppose 0*x - 3*x = -27. Let u = x + -5. Suppose z - 14 - u = 0. Calculate the greatest common divisor of 6 and z.
6
Let c = 175 + 33. Calculate the highest common factor of c and 156.
52
Suppose -25*a = -3657 - 18. What is the highest common divisor of a and 3?
3
Let l(g) = -g**3 - 7*g**2 - 6*g + 9. Let s = -14 - -18. Suppose 3*c - 2*k + 14 = -2, 2*k = c + s. Let j be l(c). What is the greatest common divisor of 1 and j?
1
Suppose 0 = -0*z - 5*z + 1050. Suppose -8*o = -3*o - 150. What is the highest common divisor of z and o?
30
Let r = 1024 + -888. Calculate the greatest common divisor of r and 170.
34
Let x be (2 + 1/2)*2. Let l be -9*((-32)/(-12) - 3). Suppose -x*r + 39 = 2*n - 0*n, -18 = -3*r - l*n. What is the highest common factor of r and 45?
9
Let y(w) = -w**2 - 13*w - 2. Let q be y(-13). Let i be -1*(q - -7) + -2. Let m = -4 - i. Calculate the highest common divisor of m and 33.
3
Suppose 18 = 121*r - 118*r. Let x be 4/r + 260/6. What is the greatest common divisor of 264 and x?
44
Let x be 4/16*(7 + 1). Suppose x*i - 3*b = 28, -5*i + 57 = -b - 0*b. Calculate the highest common factor of i and 22.
11
Suppose 0 = 3*w + 114 - 219. Calculate the greatest common factor of 70 and w.
35
Let j = 1897 + -423. What is the highest common divisor of j and 22?
22
Let y = 6 - 4. Let u(g) = g**3 + g**2 - 3*g - 5. Let c be u(-2). Let s be (-1)/(c/2 - 1/(-2)). What is the greatest common divisor of s and y?
1
Let c be ((-1218)/35)/(-3 + (-13)/(-5)). Calculate the highest common factor of 29 and c.
29
Let t = -118 - -27. Let r = t + 157. What is the greatest common factor of 11 and r?
11
Suppose -3*n + 40 = -n + 4*i, 0 = -2*i. Suppose -18*q = -23*q. Suppose q = 4*c - 50 - 30. Calculate the greatest common divisor of n and c.
20
Let q be (-12)/(-8)*(-24)/(-9). Let p(u) = u - 19. Let l be p(20). What is the greatest common divisor of q and l?
1
Let f = 37 + -13. Let l = f - 8. What is the highest common factor of 144 and l?
16
Let g = -21 - -21. Suppose 5*f + 0 - 51 = -q, g = 5*q - 5*f - 285. Calculate the greatest common factor of 8 and q.
8
Suppose 168 = 2*h + h. Suppose 4*t - 17 = 15. What is the greatest common factor of t and h?
8
Let q = -15 + 7. Let b be 64 - (-4 - q/4). What is the greatest common divisor of 22 and b?
22
Let s(r) = 25*r**2 + 10*r - 5. Let m be s(-4). What is the highest common divisor of m and 10?
5
Let i(b) be the second derivative of -b**4/6 - 19*b**3/6 - 7*b**2 - 19*b. Let l be i(-7). Calculate the highest common factor of 14 and l.
7
Suppose 9*d + 310 = 2*o + 12*d, -466 = -3*o - 5*d. Calculate the greatest common divisor of 190 and o.
38
Suppose 9 = -5*q - 11, 2*g + q = 326. Suppose 0 = -2*r + 2 + 2. Suppose -r*j - 18 + 84 = 0. What is the highest common factor of j and g?
33
Let x = 1 + -17. Let r = x - -44. What is the greatest common factor of r and 7?
7
Let t be (((-486)/(-45))/(-3))/(1/(-195)). What is the greatest common factor of 78 and t?
78
Let l(p) = 17*p + 1. Let d be l(1). Let k = -96 - -6. Let t = k + 96. What is the highest common divisor of t and d?
6
Let p be (12/15)/(10/175). Let t(s) = s + 2. Let n be t(5). Calculate the highest common divisor of p and n.
7
Let r(c) = -8 - 8 - 5*c**2 + 22*c + 3*c**2. Let p be r(9). What is the highest common divisor of p and 8?
4
Suppose -4*d - 2*c = -4180, 0 = -3*d + 6*d + 4*c - 3140. Calculate the highest common divisor of 72 and d.
36
Let f(u) = 16*u - 5. Let b be f(2). Let j = 32 - b. Calculate the highest common divisor of 20 and j.
5
Let j be ((-15)/(-30))/((-2)/(-1254 - 2)). What is the greatest common factor of j and 2?
2
Let z be (-9)/(-3) + (-3)/(-3). Let a be 39 + -1 + z + -3. Suppose k = -3*y + 36, -6*y + 11*y + k - 62 = 0. Calculate the greatest common divisor of y and a.
13
Let y = 22 + -19. Let d be 66*(4/y - 1). Let w = -9 + d. What is the greatest common divisor of w and 13?
13
Let p(a) = 6*a**3 - 2*a + 2. Let m be p(1). Let x be 4/(8/14) + (5 - 6). Calculate the greatest common divisor of m and x.
6
Suppose 0 = 5*i - 77 - 563. What is the greatest common divisor of 32 and i?
32
Let z = -147 + 259. Let y = z - 80. Let u = -43 + 51. Calculate the highest common divisor of u and y.
8
Let c(d) = d**2 - 4*d + 4. Let q be c(4). Suppose 3*h = -3, -q*h + 238 = 5*i - 178. What is the highest common factor of 56 and i?
28
Let f = 1159 + -1081. What is the greatest common factor of f and 66?
6
Suppose c = 4*z + 260, -z + 0*z - 835 = -3*c. Calculate the greatest common divisor of c and 120.
40
Let u(o) = -6 + 2 - 2*o**3 + 8*o + 5 - 2*o**2 + o**3. Let k be u(-4). What is the highest common factor of 9 and k?
1
Suppose -5*n - 18 = -2*c, 0 = 3*n + 4*c + c - 14. Let j be ((-3)/n)/(2/4). Let g be 4 - -6*(13/2 + -7). Calculate the highest common divisor of g and j.
1
Suppose 104*u = 97*u + 378